or of 802?
False
Does 67 divide 1206?
True
Does 4 divide 2863?
False
Is 95 a factor of 54055?
True
Is 2904 a multiple of 44?
True
Is 9855 a multiple of 45?
True
Does 127 divide 546?
False
Is 21 a multiple of 21?
True
Is 2856 a multiple of 68?
True
Is 10319 a multiple of 6?
False
Is 91 a factor of 82540?
False
Does 30 divide 2775?
False
Is 1102 a multiple of 19?
True
Is 46 a factor of 782?
True
Is 22672 a multiple of 13?
True
Is 2777 a multiple of 9?
False
Is 2347 a multiple of 123?
False
Does 16 divide 3142?
False
Is 2 a factor of 903?
False
Is 400 a multiple of 20?
True
Is 4761 a multiple of 23?
True
Is 21 a factor of 630?
True
Is 16745 a multiple of 17?
True
Is 6164 a multiple of 23?
True
Does 59 divide 29677?
True
Is 156 a multiple of 26?
True
Is 453 a multiple of 2?
False
Is 25272 a multiple of 156?
True
Does 13 divide 559?
True
Does 30 divide 12840?
True
Does 12 divide 120?
True
Is 2704 a multiple of 104?
True
Is 12 a factor of 9195?
False
Is 2716 a multiple of 7?
True
Does 21 divide 8547?
True
Does 4 divide 18040?
True
Is 203 a factor of 44264?
False
Is 1504 a multiple of 4?
True
Is 84 a factor of 164059?
False
Is 34 a factor of 4310?
False
Does 25 divide 1944?
False
Is 17 a factor of 3208?
False
Does 62 divide 992?
True
Is 23 a factor of 395?
False
Does 23 divide 911?
False
Is 4570 a multiple of 5?
True
Does 64 divide 2880?
True
Does 24 divide 240?
True
Does 54 divide 1702?
False
Is 14 a factor of 340?
False
Does 14 divide 35177?
False
Is 23 a factor of 5267?
True
Does 21 divide 651?
True
Is 3 a factor of 40?
False
Is 60 a factor of 6889?
False
Is 1282 a multiple of 7?
False
Is 3 a factor of 2644?
False
Is 6 a factor of 397?
False
Is 34 a factor of 1666?
True
Does 51 divide 204?
True
Is 16611 a multiple of 113?
True
Is 18 a factor of 6536?
False
Is 2714 a multiple of 46?
True
Does 114 divide 7251?
False
Does 41 divide 615?
True
Is 9168 a multiple of 26?
False
Is 125 a multiple of 25?
True
Does 57 divide 1368?
True
Is 62 a factor of 868?
True
Does 38 divide 17972?
False
Does 113 divide 16950?
True
Is 18443 a multiple of 94?
False
Does 22 divide 596?
False
Is 1847 a multiple of 10?
False
Does 5 divide 3539?
False
Does 198 divide 15840?
True
Is 12 a factor of 2952?
True
Is 3185 a multiple of 37?
False
Does 124 divide 69201?
False
Does 9 divide 3609?
True
Is 56214 a multiple of 23?
False
Does 38 divide 6455?
False
Does 30 divide 480?
True
Is 1099 a multiple of 5?
False
Is 1101 a multiple of 24?
False
Does 5 divide 1407?
False
Is 34 a factor of 442?
True
Does 354 divide 9905?
False
Is 34 a factor of 612?
True
Is 72 a factor of 7995?
False
Is 3 a factor of 931?
False
Does 6 divide 6809?
False
Is 14 a factor of 17209?
False
Is 41 a factor of 943?
True
Does 76 divide 15523?
False
Is 960 a multiple of 16?
True
Does 191 divide 1528?
True
Is 5 a factor of 5523?
False
Is 4 a factor of 68?
True
Does 47 divide 6674?
True
Does 17 divide 2245?
False
Is 1200 a multiple of 60?
True
Is 276 a multiple of 6?
True
Does 54 divide 5238?
True
Is 618 a multiple of 6?
True
Does 31 divide 1147?
True
Does 14 divide 16366?
True
Is 583 a multiple of 11?
True
Is 12 a factor of 1905?
False
Is 38624 a multiple of 136?
True
Is 135 a multiple of 9?
True
Does 46 divide 11408?
True
Is 15 a factor of 91215?
True
Does 102 divide 42839?
False
Is 1302 a multiple of 3?
True
Is 21741 a multiple of 60?
False
Is 208 a multiple of 50?
False
Is 31 a factor of 17081?
True
Is 11838 a multiple of 94?
False
Does 45 divide 142380?
True
Is 1026 a multiple of 27?
True
Is 131362 a multiple of 14?
True
Does 179 divide 7811?
False
Is 50116 a multiple of 134?
True
Is 9 a factor of 2259?
True
Is 4 a factor of 8?
True
Is 310 a multiple of 62?
True
Does 23 divide 3243?
True
Does 6 divide 114?
True
Is 2221 a multiple of 36?
False
Is 9 a factor of 198?
True
Is 13734 a multiple of 7?
True
Does 10 divide 2539?
False
Is 22 a factor of 718?
False
Does 12 divide 7092?
True
Is 39 a factor of 5649?
False
Is 13620 a multiple of 30?
True
Does 130 divide 3120?
True
Does 41 divide 11472?
False
Is 17631 a multiple of 27?
True
Does 66 divide 5874?
True
Is 1772 a multiple of 12?
False
Does 2 divide 38?
True
Is 9 a factor of 9?
True
Is 1946 a multiple of 14?
True
Is 15 a factor of 50250?
True
Is 3 a factor of 520?
False
Does 6 divide 36463?
False
Does 250 divide 23313?
False
Does 29 divide 943?
False
Does 31 divide 90?
False
Does 247 divide 7324?
False
Is 2430 a multiple of 22?
False
Is 2 a factor of 1059?
False
Does 20 divide 1700?
True
Is 816 a multiple of 51?
True
Does 55 divide 20020?
True
Is 164 a factor of 16728?
True
Is 1476 a multiple of 164?
True
Is 29 a factor of 5276?
False
Is 47162 a multiple of 35?
False
Does 31 divide 217?
True
Is 54 a factor of 1242?
True
Does 93 divide 1997?
False
Is 85 a factor of 2987?
False
Does 19 divide 1330?
True
Is 2933 a multiple of 18?
False
Does 5 divide 741?
False
Does 41 divide 63333?
False
Does 49 divide 245?
True
Does 15 divide 9949?
False
Is 35 a factor of 22340?
False
Is 672 a multiple of 16?
True
Is 4 a factor of 1684?
True
Does 17 divide 69890?
False
Is 55 a factor of 4362?
False
Is 322 a factor of 122443?
False
Is 58608 a multiple of 44?
True
Is 15013 a multiple of 10?
False
Is 20054 a multiple of 37?
True
Is 3648 a multiple of 24?
True
Is 31721 a multiple of 37?
False
Is 1260 a multiple of 18?
True
Is 3552 a multiple of 74?
True
Is 5588 a multiple of 11?
True
Is 6 a factor of 20?
False
Is 84 a multiple of 12?
True
Does 18 divide 64278?
True
Is 12 a factor of 16572?
True
Is 41 a factor of 2311?
False
Is 23826 a multiple of 57?
True
Is 13 a factor of 42858?
False
Is 26 a factor of 884?
True
Is 25 a multiple of 25?
True
Is 9 a factor of 187?
False
Does 18 divide 9144?
True
Is 2789 a multiple of 5?
False
Does 32 divide 4160?
True
Is 31 a factor of 8959?
True
Is 352 a multiple of 24?
False
Is 144 a factor of 22608?
True
Does 8 divide 112?
True
Is 5942 a multiple of 9?
False
Is 214 a factor of 24396?
True
Is 121 a factor of 35332?
True
Is 52 a factor of 260?
True
Is 6989 a multiple of 64?
False
Is 103 a factor of 82860?
False
Does 18 divide 3384?
True
Is 13 a factor of 12155?
True
Is 6835 a multiple of 6?
False
Is 23 a factor of 1834?
False
Is 82 a multiple of 32?
False
Does 33 divide 58443?
True
Is 3 a factor of 9028?
False
Is 22 a factor of 23767?
False
Does 56 divide 102424?
True
Is 969 a multiple of 51?
True
Is 20 a factor of 1253?
False
Does 72 divide 5962?
False
Is 17 a factor of 4225?
False
Does 279 divide 23315?
False
Does 3 divide 1305?
True
Does 23 divide 9244?
False
Is 16 a factor of 2219?
False
Is 17 a factor of 9401?
True
Is 480 a multiple of 80?
True
Is 17 a factor of 75565?
True
Is 2856 a multiple of 119?
True
Does 4 divide 248?
True
Does 34 divide 16177?
False
Does 40 divide 283?
False
Does 16 divide 1521?
False
Is 1425 a multiple of 25?
True
Is 7522 a multiple of 38?
False
Is 784 a multiple of 16?
True
Does 6 divide 21618?
True
Does 74 divide 11527?
False
Is 109 a factor of 1390?
False
Is 67 a factor of 1091?
False
Is 48 a factor of 49788?
False
Is 63 a factor of 13662?
False
Does 19 divide 1957?
True
Is 7 a factor of 1638?
True
Is 3 a factor of 163?
False
Does 73 divide 511?
True
Is 11249 a multiple of 29?
False
Is 59583 a multiple of 211?
False
Is 7 a factor of 9821?
True
Is 30493 a multiple of 94?
False
Is 5 a multiple of 4?
False
Is 9072 a multiple of 18?
True
Is 133 a factor of 832?
False
Is 275 a factor of 22550?
True
Does 5 divide 240?
True
Does 36 divide 396?
True
Is 18 a factor of 8640?
True
Does 30 divide 16137?
False
Is 102 a multiple of 87?
False
Does 10 divide 1442?
False
Does 11 divide 221?
False
Is 67 a factor of 6157?
False
Is 59 a factor of 29264?
True
Does 20 divide 2240?
True
Does 3 divide 130?
False
Is 3135 a multiple of 19?
True
Does 17 divide 1054?
True
Is 255 a multiple of 7?
False
Is 3 a factor of 663?
True
Does 23 divide 2469?
False
Does 14 divide 88?
False
Is 20736 a multiple of 72?
True
Is 413 a multiple of 40?
False
Is 6 a factor of 780?
True
Does 94 divide 401?
False
Is 8 a factor of 1379?
False
Is 17 a factor of 58534?
False
Is 27 a factor of 9721?
False
Does 36 divide 2340?
True
Is 5 a factor of 699?
False
Does 56 divide 76048?
True
Does 9 divide 66?
False
Is 25 a factor of 7575?
True
Does 51 divide 212?
False
Does 